2333
What are the prime factors of 3090?
2, 3, 5, 103
List the prime factors of 10096.
2, 631
List the prime factors of 149.
149
List the prime factors of 277.
277
What are the prime factors of 87174?
2, 3, 29, 167
List the prime factors of 1813.
7, 37
List the prime factors of 20074.
2, 10037
List the prime factors of 33476.
2, 8369
List the prime factors of 30911.
30911
What are the prime factors of 17123?
17123
What are the prime factors of 5585?
5, 1117
List the prime factors of 9765.
3, 5, 7, 31
What are the prime factors of 8071?
7, 1153
List the prime factors of 60101.
60101
What are the prime factors of 1443?
3, 13, 37
List the prime factors of 6378.
2, 3, 1063
List the prime factors of 68737.
68737
List the prime factors of 50547.
3, 7, 29, 83
List the prime factors of 1820.
2, 5, 7, 13
List the prime factors of 1681.
41
List the prime factors of 18477.
3, 2053
What are the prime factors of 42818?
2, 79, 271
List the prime factors of 36819.
3, 4091
What are the prime factors of 348?
2, 3, 29
List the prime factors of 16254.
2, 3, 7, 43
List the prime factors of 14598.
2, 3, 811
List the prime factors of 8085.
3, 5, 7, 11
List the prime factors of 40717.
19, 2143
List the prime factors of 385.
5, 7, 11
List the prime factors of 99831.
3, 107, 311
What are the prime factors of 2518?
2, 1259
What are the prime factors of 499?
499
List the prime factors of 2825.
5, 113
What are the prime factors of 2035?
5, 11, 37
What are the prime factors of 2952?
2, 3, 41
List the prime factors of 2434.
2, 1217
What are the prime factors of 7218?
2, 3, 401
List the prime factors of 467.
467
List the prime factors of 4218.
2, 3, 19, 37
List the prime factors of 3017.
7, 431
What are the prime factors of 7693?
7, 157
What are the prime factors of 8789?
11, 17, 47
What are the prime factors of 30386?
2, 15193
List the prime factors of 37040.
2, 5, 463
What are the prime factors of 1538?
2, 769
List the prime factors of 87119.
87119
What are the prime factors of 2838?
2, 3, 11, 43
List the prime factors of 18859.
18859
List the prime factors of 735.
3, 5, 7
List the prime factors of 1099.
7, 157
List the prime factors of 413.
7, 59
What are the prime factors of 2105?
5, 421
What are the prime factors of 57468?
2, 3, 4789
List the prime factors of 948.
2, 3, 79
What are the prime factors of 406?
2, 7, 29
What are the prime factors of 80?
2, 5
What are the prime factors of 843?
3, 281
What are the prime factors of 106868?
2, 26717
List the prime factors of 57.
3, 19
List the prime factors of 6338.
2, 3169
What are the prime factors of 73291?
73291
What are the prime factors of 3040?
2, 5, 19
What are the prime factors of 41076?
2, 3, 7, 163
What are the prime factors of 621?
3, 23
List the prime factors of 6436.
2, 1609
What are the prime factors of 3737?
37, 101
What are the prime factors of 15961?
11, 1451
List the prime factors of 10312.
2, 1289
List the prime factors of 22748.
2, 11, 47
What are the prime factors of 4911?
3, 1637
What are the prime factors of 33842?
2, 16921
List the prime factors of 40882.
2, 20441
What are the prime factors of 530?
2, 5, 53
List the prime factors of 359.
359
What are the prime factors of 64138?
2, 32069
What are the prime factors of 95924?
2, 23981
What are the prime factors of 5626?
2, 29, 97
What are the prime factors of 1476?
2, 3, 41
What are the prime factors of 1180?
2, 5, 59
List the prime factors of 1386.
2, 3, 7, 11
List the prime factors of 6034.
2, 7, 431
List the prime factors of 677.
677
List the prime factors of 1095.
3, 5, 73
List the prime factors of 28678.
2, 13, 1103
List the prime factors of 1241.
17, 73
What are the prime factors of 1074?
2, 3, 179
List the prime factors of 12888.
2, 3, 179
What are the prime factors of 5326?
2, 2663
What are the prime factors of 21503?
21503
What are the prime factors of 1490?
2, 5, 149
What are the prime factors of 137717?
17, 8101
What are the prime factors of 3148?
2, 787
List the prime factors of 1637.
1637
What are the prime factors of 13536?
2, 3, 47
List the prime factors of 31267.
31267
What are the prime factors of 17366?
2, 19, 457
List the prime factors of 71897.
7, 10271
List the prime factors of 9826.
2, 17
What are the prime factors of 1586?
2, 13, 61
List the prime factors of 1545.
3, 5, 103
What are the prime factors of 3186?
2, 3, 59
List the prime factors of 29303.
29303
List the prime factors of 25096.
2, 3137
List the prime factors of 8627.
8627
What are the prime factors of 14034?
2, 3, 2339
What are the prime factors of 467?
467
What are the prime factors of 1774?
2, 887
What are the prime factors of 50246?
2, 7, 37, 97
What are the prime factors of 20547?
3, 761
List the prime factors of 48436.
2, 12109
List the prime factors of 12366.
2, 3, 229
What are the prime factors of 2367?
3, 263
What are the prime factors of 122852?
2, 30713
What are the prime factors of 85782?
2, 3, 17, 29
What are the prime factors of 112062?
2, 3, 19, 983
What are the prime factors of 46685?
5, 9337
List the prime factors of 10602.
2, 3, 19, 31
What are the prime factors of 6924?
2, 3, 577
What are the prime factors of 1867?
1867
List the prime factors of 1069.
1069
What are the prime factors of 1426?
2, 23, 31
What are the prime factors of 14527?
73, 199
List the prime factors of 928.
2, 29
What are the prime factors of 56980?
2, 5, 7, 11, 37
What are the prime factors of 122?
2, 61
What are the prime factors of 731?
17, 43
What are the prime factors of 1970?
2, 5, 197
List the prime factors of 26918.
2, 43, 313
What are the prime factors of 32463?
3, 3607
What are the prime factors of 22921?
22921
What are the prime factors of 2803?
2803
What are the prime factors of 4375?
5, 7
What are the prime factors of 38121?
3, 97, 131
What are the prime factors of 1364?
2, 11, 31
What are the prime factors of 56880?
2, 3, 5, 79
What are the prime factors of 602?
2, 7, 43
What are the prime factors of 2189?
11, 199
What are the prime factors of 3037?
3037
What are the prime factors of 3244?
2, 811
List the prime factors of 66365.
5, 13, 1021
What are the prime factors of 220?
2, 5, 11
What are the prime factors of 31200?
2, 3, 5, 13
List the prime factors of 7249.
11, 659
List the prime factors of 2753.
2753
What are the prime factors of 1322?
2, 661
What are the prime factors of 4792?
2, 599
List the prime factors of 5628.
2, 3, 7, 67
List the prime factors of 23065.
5, 7, 659
What are the prime factors of 4192?
2, 131
What are the prime factors of 10?
2, 5
List the prime factors of 114.
2, 3, 19
What are the prime factors of 471?
3, 157
What are the prime factors of 7132?
2, 1783
List the prime factors of 58270.
2, 5, 5827
List the prime factors of 3495.
3, 5, 233
What are the prime factors of 637?
7, 13
What are the prime factors of 976?
2, 61
What are the prime factors of 16661?
16661
What are the prime factors of 2684?
2, 11, 61
List the prime factors of 56.
2, 7
What are the prime factors of 30816?
2, 3, 107
List the prime factors of 1306.
2, 653
What are the prime factors of 20132?
2, 7, 719
List the prime factors of 2996.
2, 7, 107
What are the prime factors of 2625?
3, 5, 7
What are the prime factors of 19549?
113, 173
List the prime factors of 5849.
5849
List the prime factors of 5828.
2, 31, 47
List the prime factors of 1535.
5, 307
List the prime factors of 6529.
6529
What are the prime factors of 2826?
2, 3, 157
What are the prime factors of 117412?
2, 149, 197
What are the prime factors of 276?
2, 3, 23
What are the prime factors of 16272?
2, 3, 113
What are the prime factors of 37213?
11, 17, 199
List the prime factors of 8327.
11, 757
What are the prime factors of 699?
3, 233
What are the prime factors of 1270?
2, 5, 127
List the prime factors of 47604.
2, 3, 3967
What are the prime factors of 7561?
7561
List the prime factors of 1713.
3, 571
What are the prime factors of 14872?
2, 11, 13
What are the prime factors of 35264?
2, 19, 29
What are the prime factors of 1744?
2, 109
List the prime factors of 14049.
3, 7, 223
List the prime factors of 1629.
3, 181
What are the prime factors of 112221?
3, 37, 337
What are the prime factors of 35976?
2, 3, 1499
What are the prime factors of 8202?
2, 3, 1367
What are the prime factors of 2557?
2557
What are the 